(j) = -j**3 + 45*j - 48. Let i be g(6). Let p(u) be the first derivative of -3*u**2/2 + 20*u - 48. Determine p(i).
2
Let r(h) = h + 18. Let q(f) = 4*f + 73. Let z(w) = 2*q(w) - 9*r(w). Suppose 4*o - 3*y = 924, 7*y = 3*o + 8*y - 706. Let b = 224 - o. Calculate z(b).
-6
Let t(u) = u**2 + 11*u + 8. Let f = -69 - -143. Suppose -10*r + 1020 = 200. Let a = f - r. Determine t(a).
-16
Let g(i) = 2*i**3 + 27*i**2 + 12*i - 12. Let f be (193/772)/(1/(-52)). What is g(f)?
1
Let u(x) = x**3 + 0*x**2 - 1536 - 6*x + 12*x**2 + 1537. Calculate u(-13).
-90
Let p = -260 + 136. Let f = p + 129. Let c(h) = -15 + 3*h + 3 - f*h. Calculate c(-9).
6
Let x(a) be the second derivative of 23*a**3/6 - a**2/2 - 4*a. Let l = -4074 + 4073. What is x(l)?
-24
Let m(y) be the third derivative of y**6/720 - y**5/120 + 5*y**4/8 + y**3/3 + 75*y**2. Let p(g) be the second derivative of m(g). What is p(-6)?
-7
Let s(h) = -1 + 349049*h**2 - 3 - 349048*h**2 - 8*h. Let r(p) be the second derivative of -p**4/12 - 5*p**3/3 - p**2/2 - p. Let d be r(-9). What is s(d)?
-4
Let z(r) = 22 + 7 + 10 - 7 + 5 - 5*r. Give z(8).
-3
Let i be 3/((-30)/4)*-5. Suppose -i*r + 3*r - 2*f + 2 = 0, 10 = r + 4*f. Let u(x) = -2*x - 19*x**3 + 4*x**r + 33*x**3 + 1 - 15*x**3. What is u(4)?
-7
Let l(x) = -10*x + 11. Suppose -1273*y + 1287*y = 28. Calculate l(y).
-9
Let l(t) = 3*t**2 + 4*t + 3. Let x(s) = 4*s**2 + 5*s + 4. Let p(o) = 5*l(o) - 4*x(o). Suppose -5 = -5*z, 4*f + 180*z = 178*z - 6. What is p(f)?
-5
Let g(j) = -j**2 + 4*j + 3*j**2 + 2 - j**2. Let b be (-10)/((-40)/(-3)) + (-103)/(-4). Suppose 0 = 16*a + 89 - b. Calculate g(a).
2
Let u(y) = 25*y**3 - 68*y**2 + 2*y - 7. Let f(r) = 28*r**3 - 76*r**2 + 2*r - 8. Let t(p) = 9*f(p) - 10*u(p). What is t(-3)?
-86
Let f(r) be the second derivative of -r**4/2 + 25*r**3/6 + r**2 + 7004*r. What is f(5)?
-23
Suppose 3*x + 5*c - 4*c - 28 = 0, -5*x - 5*c + 60 = 0. Let w = 2 - 0. Let l(u) = w*u**2 + 8*u - 1 - 6 - u**2 - 2*u**2. Determine l(x).
-7
Let b(a) = -51*a + 194*a + 6 - 46*a - 50*a - 46*a. Calculate b(-9).
-3
Let r(t) = t**2 - 77. Let n(s) = 2*s**2 + s - 1. Let v be n(2). Give r(v).
4
Let a be (-37)/5 - (-118)/295. Let z(y) = 43*y + 7. Let l(w) = 17*w + 3. Let q(j) = 15*l(j) - 6*z(j). Determine q(a).
24
Let s(p) = -p + 6. Suppose -a + 4*f = -30, -1198*a + 5*f + 98 = -1194*a. Give s(a).
-16
Let s = -128 - -142. Let i = 15 - s. Let p(d) = d**2 - 2 - 2*d**2 - 5*d**2 + 1. Calculate p(i).
-7
Let k(z) = z**3 - 13*z**2 + 21*z + 3. Suppose 3*q - 45 + 17 = -i, -25 = 5*i. Determine k(q).
-8
Suppose 3*x + 5*x - 16 = 0. Let q = 77 - 51. Let g(v) = -v**2 - 44 + 17 + v + q. What is g(x)?
-3
Let l(c) = -c**3 - 9*c**2 - 4*c - 28. Let v be l(-9). Let i(q) = 21*q - 160. What is i(v)?
8
Let c(q) be the first derivative of -q**6/40 + q**4/24 - 4*q**2 + 5*q + 220. Let u(o) be the second derivative of c(o). Determine u(-2).
22
Let f(d) = -d**2 + 4*d + 7. Let z(a) = -4*a - 12. Let n be z(-4). Suppose 4*m = 7*m, -3*m = -n*x - 12. Let c be (-2)/(-6) - 14/x. Determine f(c).
2
Let g(t) be the second derivative of -t**5/20 - t**4/3 - t**3/2 - 3*t**2/2 - 223*t - 3. Suppose 5*p + 7 = -13. Determine g(p).
9
Let b(r) be the first derivative of r**4/4 - 31*r**3/3 - 65*r**2/2 - 47*r + 94. Determine b(33).
-14
Let p = -9 + 10. Suppose -9*t = 21*t + 150. Let u(r) = 9*r**2 + 2*r - 3. Let w(n) = 10*n**2 + 3*n - 4. Let d(a) = t*u(a) + 4*w(a). Determine d(p).
-4
Let v(w) = -2*w. Let h be v(1). Let m(p) = -2*p - 3 - 2*p + 4*p**2 - 17*p**2 + 0. Let o(b) = 3*b**2 + b + 1. Let l(i) = h*m(i) - 9*o(i). Calculate l(-3).
-9
Let m be (-1)/(8/20 - (-47)/(-105)). Suppose -16*s = -m*s + 15. Suppose -s*n = -4*d + 5, -8*n + 3*n - d + 30 = 0. Let z(j) = -j**2 + 5*j + 6. Calculate z(n).
6
Let h(r) = r**3 + 26*r**2 + 24*r - 22. Let s be (-25132)/1220 + (-44)/10. Give h(s).
3
Let c(u) = -8*u + 177 - 182 + 11*u + 16*u. Give c(-3).
-62
Let z(g) = 3*g**2 - g - 4. Let a be (-25)/(-1)*(-4)/(-10). Suppose 5*i = 2*c - 5, 2*c + i = 13 + a. Suppose -3*m + 2 = -2*f + 23, -m = 5*f - c. Calculate z(f).
20
Let s(g) be the third derivative of 0 + 1/120*g**6 + 3/2*g**3 + 119*g**2 - 1/2*g**4 + 0*g + 1/12*g**5. Determine s(-7).
-5
Let z = 35 - 30. Let r(f) = 0*f + 4*f - 6*f + 3*f - z. Suppose 209 = -4*h + 193. What is r(h)?
-9
Let q(f) be the third derivative of -f**5/20 + f**4/24 - 15*f**2. Let b = -416 - -417. Calculate q(b).
-2
Let f be -1 + 10 - (-2)/(8/12). Let y be f/2*(-2 + 70/5). Let u = -77 + y. Let c(i) = i + 12. Determine c(u).
7
Let g be 9*(-24)/(-4) - -1. Suppose -49 = -15*d + 16*d. Let j = g + d. Let x(c) = -3*c - 5. What is x(j)?
-23
Let v(m) = 1 - 2 + 9*m - 14*m - 1 + 26*m**2 - 2*m**2. Calculate v(-1).
27
Let u(k) = 25*k**2 + 1. Let z = 1211 + -1210. Calculate u(z).
26
Suppose -3*o + 4 = -4*b + 9*b, 4*b = 4*o + 16. Let x(y) be the first derivative of y - 5/3*y**3 + 1/4*y**4 + 1/2*y**2 - 3. Give x(b).
-9
Let i(t) be the second derivative of -t**5/20 + 19*t**4/12 - 49*t**3/6 + 7*t**2/2 + 113*t + 56. Give i(16).
-9
Suppose 1505*k - 1498*k - 7 = 0. Suppose -3*m + 7*m = i + 27, 3*m - k = -2*i. Let c(z) = z**2 + 9*z - 3. What is c(i)?
-17
Let s(m) = -2*m**2 + 12*m + 22. Let t be ((-4)/(12/9))/(-9 + (-182)/(-21)). Determine s(t).
-32
Suppose -5*r - 21 - 9 = 0. Let s(d) be the second derivative of d**3/3 - 2*d**2 + 23062*d. Calculate s(r).
-16
Let i = 10968 - 10972. Let r(w) be the second derivative of 2*w**3/3 + 3*w**2 + 2*w. What is r(i)?
-10
Suppose 0 = 3*d + 3*o + 6 + 6, 0 = 5*d - o + 32. Suppose -2*h + 7 = 1. Let q(y) = -3*y + 27. Let n(m) = -2*m + 14. Let u(b) = h*q(b) - 5*n(b). Give u(d).
5
Let w(u) = -72*u + 3764. Let o be w(52). Let l(b) = -3*b + 65. Calculate l(o).
5
Let s(b) = -203*b + 107*b - 15 + 101*b + 15. Let m be 10/3*(-30)/(-20). Calculate s(m).
25
Let m(t) = -t**2 - 7*t + 262. Suppose -85*n + 33 = 1733. Give m(n).
2
Let g(a) = -a. Let p(w) = 2*w + 1. Suppose -4*x + 0 - 4 = 0. Let q(o) = x*p(o) - 3*g(o). Let b = -138572 + 138569. Calculate q(b).
-4
Let a(f) = f**3 + 6*f**2 - 9*f - 1. Let v = -3289 - -3283. Determine a(v).
53
Let q be 3*25/(-30)*4. Let n be 1*-2*(-3)/(-6). Let r be 15/q*(1 + (n - 2)). Let z(h) = h**2 - 3*h + 1. What is z(r)?
1
Let b(m) = 44 + 2*m**3 - 14*m**2 + 6*m**2 - 929*m + 986*m - 11*m**2 - m**3. Calculate b(15).
-1
Let l(p) = -p + 2. Let i(v) = -v + 1658 + 4*v - 1673 - 6*v. Suppose 8 = -2*c + 2. Let o be i(c). Give l(o).
8
Suppose -9*s = -7*s - 18. Suppose 0 = 3*w + s, 3*p = 4*p + w. Let n(x) be the second derivative of x**3/2 + 2*x**2 - 5*x + 11. Determine n(p).
13
Let i(o) = -o**3 + 7*o**2 - 12*o + 6. Suppose -4*x - 5*u - 3 = 0, 17 = -x + u + 23. Calculate i(x).
6
Let f(x) be the first derivative of 8*x**3/3 + x**2 + 7*x + 8767. Give f(-2).
35
Let d be (-1)/2*56/(-7). Suppose 3*c = 2*o - 2*c, 3*o = -d*c. Let g(i) = 2 + o*i - 4 - 3*i + 0*i. Calculate g(2).
-8
Suppose 0 = -4*y - 4*b + 76, -y - 3*y - b + 64 = 0. Let p(j) = j**2 + 15*j + 24. Let f be p(-14). Suppose 45 - y = -f*s. Let g(i) = 4*i + 4. Determine g(s).
-8
Suppose -3*k - 11 = 4*c - 20, -5*c + 9 = 3*k. Let v = -1 - -3. Let o(n) = 3 + 2*n**2 + k*n**v + 7 - 14 - n**3. Determine o(5).
-4
Suppose 0 = -5*r - z + 7, z - 11 = -4*r + 2*z. Suppose -4*x + 2*p = 5 - 45, -4*x - r*p = -48. Let i(g) = -g + 4. Calculate i(x).
-7
Let f(i) = -i + 15. Let h(c) be the first derivative of c**3 - c**2 + 3*c - 7. Let u be h(2). Let n be f(u). Let o(r) = -r**2 + 4*r. Calculate o(n).
0
Let d(f) = -f**3 + 12*f**2 + 33*f + 159. Let w be d(15). Let g(v) = v**2 + 34*v + 262. Give g(w).
-11
Let h(o) = 2*o. Let j be h(1). Suppose -231 = -41*b + 5*b - 15. Suppose 0 = -4*u - j*u - b. Let x(q) = 10*q + 1. What is x(u)?
-9
Suppose 0 = -5*o + z - 6, -z + 5*z = 2*o + 6. Let k = 1 + o. Let g(y) = 10*y - 13. Let r(q) = -7*q + 11. Let w(p) = -2*g(p) - 3*r(p). Give w(k).
-7
Let p(m) = 27*m + 15. Let y(z) = 214*z + 129. Let o(w) = -8*p(w) + y(w). Let c be (-2 + 1)/(2/(-8)). What is o(c)?
1
Let y be ((-11)/((-605)/66))/(9/(-30)). Let u(z) = 2*z**3 + 7*z**2 + 8*z + 14. Give u(y).
-34
Let q(p) = 5*p**2 + 7*p + 4. Let d(f) = -12*f**2 - 15*f - 8. Let n = 48 - 41. Let y(t) = n*q(t) + 3*d(t). Suppose 3*r = 0, -4*x + 3*x = -r - 5. Calculate y(x).
-1
Let n(c) be the third derivative of c**6/360 + 11*c**5/120 + 5*c**4/12 - 37*c**3/3 - 22*c**2 - 1. Let p(k) be the first deriva